 13, what is -14 - -7?
-a
In base 13, what is -2 + -22?
-24
In base 3, what is -20 - -210111?
210021
In base 13, what is -2 + -38?
-3a
In base 15, what is -c90 - 5?
-c95
In base 9, what is -608 + -6?
-615
In base 12, what is -2 - -179?
177
In base 4, what is 203 + 30?
233
In base 10, what is -2302 + 4?
-2298
In base 5, what is -220 + 1?
-214
In base 16, what is -3 - -22?
1f
In base 6, what is 13 + -21?
-4
In base 6, what is 10 + -3011?
-3001
In base 10, what is -178 + 0?
-178
In base 14, what is 5 + -ba?
-b5
In base 15, what is -3b + 1a?
-21
In base 10, what is 1 - 79?
-78
In base 2, what is -1000 - -101010?
100010
In base 2, what is 0 - 1000001?
-1000001
In base 5, what is -4 - 1302?
-1311
In base 16, what is -26 - 32c?
-352
In base 8, what is -21 + -1?
-22
In base 3, what is -102 - 111?
-220
In base 16, what is -1 + d37?
d36
In base 14, what is -311 - 1?
-312
In base 10, what is 45 + 71?
116
In base 12, what is 108 + -17?
b1
In base 2, what is 1001001 + -101?
1000100
In base 6, what is -5 - 10234?
-10243
In base 10, what is -4527 + 2?
-4525
In base 8, what is -2 - -2?
0
In base 15, what is 12 + -4?
d
In base 14, what is 2b + -5?
26
In base 11, what is -178 + 1?
-177
In base 3, what is -20002 - -2?
-20000
In base 11, what is -12170 - -2?
-12169
In base 15, what is -3 - -14c?
149
In base 7, what is 2 - 2015?
-2013
In base 4, what is 200033 - 1?
200032
In base 3, what is -12000010 + 0?
-12000010
In base 9, what is 161 - 4?
156
In base 13, what is -5 - 1993?
-1998
In base 3, what is -2020 - 0?
-2020
In base 3, what is -20110 + -10?
-20120
In base 16, what is -5 - 1?
-6
In base 7, what is -2 - 4231?
-4233
In base 16, what is 159 + 4?
15d
In base 4, what is -1112 - -11?
-1101
In base 12, what is -94 + 0?
-94
In base 16, what is -6 - -10b?
105
In base 16, what is 4 + 16?
1a
In base 13, what is 3 - -183?
186
In base 7, what is -604 - -4?
-600
In base 13, what is -b - 16?
-24
In base 13, what is 5a6 + -5?
5a1
In base 2, what is -11000110 - -10?
-11000100
In base 8, what is -254 + 1?
-253
In base 16, what is 1b8 + 4?
1bc
In base 7, what is 10 - -101?
111
In base 4, what is -13113 - 2?
-13121
In base 5, what is -3104 + -12?
-3121
In base 10, what is 42 + -14?
28
In base 11, what is -5 + 35?
30
In base 9, what is -56 + 2?
-54
In base 8, what is 27 - 343?
-314
In base 2, what is -1000 + -11101?
-100101
In base 15, what is -16 - -2d?
17
In base 12, what is -83 + -4?
-87
In base 6, what is 11 + 2?
13
In base 14, what is 8 + -c?
-4
In base 15, what is -e1 - -4?
-dc
In base 10, what is 5 + -41?
-36
In base 13, what is -5 + -1a62?
-1a67
In base 15, what is -5 - -66?
61
In base 10, what is 0 + 736?
736
In base 7, what is 2 + 111?
113
In base 13, what is -142 - 2?
-144
In base 3, what is -12122 - -1121?
-11001
In base 7, what is 23 + -50?
-24
In base 6, what is 245 + 2?
251
In base 4, what is 101 - -12?
113
In base 7, what is -5 + -530?
-535
In base 7, what is -505 + -2?
-510
In base 4, what is 31221 + -3?
31212
In base 14, what is 1805 + 3?
1808
In base 5, what is 20 - 214?
-144
In base 8, what is -1647 + 0?
-1647
In base 8, what is -4 + 11?
5
In base 13, what is -74 + -2?
-76
In base 8, what is 14 + 7?
23
In base 15, what is -24 + -c9?
-ed
In base 14, what is 74c + 3?
751
In base 11, what is -1 + 2a43?
2a42
In base 4, what is 3 + 113?
122
In base 11, what is -4 - -3?
-1
In base 3, what is -1202 + 102?
-1100
In base 13, what is 79 - 0?
79
In base 5, what is 1 - 23431?
-23430
In base 15, what is -55 + -46?
-9b
In base 4, what is 2 + 1113?
1121
In base 12, what is -1661a - -1?
-16619
In base 15, what is -5 + -246?
-24b
In base 9, what is 728 + -4?
724
In base 8, what is 101 - -1?
102
In base 6, what is 22522 - -4?
22530
In base 2, what is 1101101 + -1011?
1100010
In base 10, what is 52 + -3?
49
In base 8, what is -62 - 55?
-137
In base 10, what is 11 + 908?
919
In base 5, what is 4 - 22?
-13
In base 14, what is 18 - -4?
1c
In base 2, what is 1 + -100110?
-100101
In base 2, what is 11 - -1110110?
1111001
In base 16, what is 2 - 59?
-57
In base 9, what is -6 - -56?
50
In base 11, what is 4003 + 0?
4003
In base 2, what is -1 - -10111001?
10111000
In base 11, what is 29 + -35?
-7
In base 2, what is -11000100 - -1010010?
-1110010
In base 7, what is -55 + 6?
-46
In base 4, what is 11220 + -23?
11131
In base 16, what is -9 + 3b?
32
In base 14, what is 5 - 141?
-13a
In base 10, what is 525 - -3?
528
In base 12, what is -3 - -1?
-2
In base 5, what is 14 + 142?
211
In base 11, what is -15 + 649?
634
In base 16, what is -4 + -1f1?
-1f5
In base 6, what is -225 + 103?
-122
In base 15, what is -edea - 4?
-edee
In base 4, what is 200 - -21?
221
In base 9, what is -634 + 3?
-631
In base 7, what is 2000 + 5?
2005
In base 16, what is 3 + 80?
83
In base 15, what is a3 + 2?
a5
In base 5, what is -2 + 210?
203
In base 16, what is 7 - -47?
4e
In base 15, what is 5 + -765?
-760
In base 12, what is 4 + 7a?
82
In base 9, what is -4884 - 2?
-4886
In base 9, what is 1278 + 1?
1280
In base 9, what is 8 + -51?
-42
In base 11, what is -150 + 16?
-135
In base 7, what is -1401 + 26?
-1342
In base 16, what is -5 + 35?
30
In base 15, what is 6 + 7b?
82
In base 3, what is 10211 - 2?
10202
In base 16, what is 4e + -1?
4d
In base 2, what is 1100000011 + 0?
1100000011
In base 12, what is 47 + -8?
3b
In base 4, what is -30 - -13211?
13121
In base 13, what is 1a6 - -4?
1aa
In base 5, what is -4123 - -4?
-4114
In base 7, what is 5 - -64?
102
In base 9, what is -68 - -118?
40
In base 14, what is 1032 - 1?
1031
In base 10, what is 28 - 2?
26
In base 12, what is -8 + -1b?
-27
In base 4, what is -1 - 2133?
-2200
In base 10, what is 1 + 2061?
2062
In base 5, what is -4 - -3?
-1
In base 8, what is 0 + -35?
-35
In base 16, what is 5 - 15f?
-15a
In base 5, what is -4242 + -3?
-4300
In base 14, what is -60 + -5?
-65
In base 11, what is 1034 - 2?
1032
In base 16, what is -4d - 1?
-4e
In base 15, what is -1 + -8b9?
-8ba
In base 5, what is -33 + 440?
402
In base 3, what is -2 + 20201?
20122
In base 16, what is 4 - -b23?
b27
In base 10, what is 7 - -1366?
1373
In base 12, what is 65 + 24?
89
In base 16, what is -5 - -606?
601
In base 7, what is -3140 - -2?
-3135
In base 6, what is 110 - -524?
1034
In base 16, what is 2 - -3?
5
In base 13, what is -1 + 227?
226
In base 4, what is -1 + -2?
-3
In base 10, what is 0 + 2936?
2936
In base 10, what is 37 + 7?
44
In base 6, what is -11005 - 2?
-11011
In base 10, what is -18 + -39?
-57
In base 15, what is 2b37 - 4?
2b33
In base 16, what is -5 + 1a5?
1a0
In base 7, what is -14 + -3?
-20
In base 8, what is 4 - 2244?
-2240
In base 6, what is 55312 + 2?
55314
In base 12, what is a6 + -1?
a5
In base 7, what is -5 - -1300?
1262
In base 15, what is 2d63 + 0?
2d63
In base 10, what is -1 + 15?
14
In base 10, what is -1 - 2957?
-2958
In base 9, what is -2827 + -2?
-2830
In base 12, what is 47 - 1?
46
In base 10, what is -1 - 123?
-124
In base 13, what is 6 + -71?
-68
In base 7, what is 3350 - 3?
3344
In base 7, what is 1342 + 1?
1343
In base 7, what is 30336 + -1?
30335
In base 7, what is 34 - 15?
16
In base 10, what is -287 + 0?
-287
In base 11, what is -373 + -7?
-37a
In base 7, what is 3450 - -2?
3452
In base 16, what is 2 + 3e?
40
In base 10, what is 49 + -12?
37
In base 13, what is 2 - 39?
-37
In base 9, what is -464 - -3?
-461
In base 7, what is 14 + 254?
301
In base 13, what is -302 - -2?
-300
In base 5, what is -130 - 4?
-134
In base 15, what is 0 + 93?
93
In base 5, what is 10 + 31414?
31424
In base 2, what is -110 + 100111?
100001
In base 2, what is 10 - -101?
111
In base 8, what is 102 + -1?
101
In base 2, what is -11 - -11111111?
11111100
In base 4, what is 212 + 13?
231
In base 10, what is 20 + -242?
-222
In base 14, what is -6 - 3c0?
-3c6
In base 12, what is 11 + 7?
18
In base 5, what is -1011 + -4?
-1020
In base 5, what is 0 + 223?
223
In base 10, what is -2 - 526?
-528
In base 12, what is -1450 + 4?
-1448
In base 10, what is 3 + 104?
107
In base 3, what is -1200 - 121?
-2021
In base 6, what is -1 - -24?
23
In base 13, what is 0 + -21c?
-21c
In base 5, what is 2 + 103412?
103414
In base 8, what is 176 + 1?
177
In base 15, what is 3 + 12?
15
In base 10, what is -181 + -2?
-183
In base 16, what is -1a - b8?
-d2
In base 14, what is 4aa + 3?
4ad
In base 5, what is -12